 = -g**2 + 5*g. Let j be d(4). Suppose j*k - 30 = 30. Let b(a) = -a**2 - 15*a - 25. Calculate the remainder when b(-9) is divided by k.
14
Let r = 1048 - 982. Calculate the remainder when 393 is divided by r.
63
Suppose 0 = 17*z + 339 - 968. Calculate the remainder when 206 is divided by z.
21
Let y(b) = -17*b + 245. Let r(k) = k**3 + 4*k**2 - 6*k + 6. Calculate the remainder when r(-5) is divided by y(14).
4
What is the remainder when 262 is divided by -132*((-6)/1 - 11/(-2))?
64
Suppose 0 = -124*o + 59*o + 7995. Calculate the remainder when o is divided by 45.
33
Suppose -6*n + n = 4*c - 7, -2*c = -4*n - 10. Suppose 1 = -3*u + w - 0*w, -5*w = c*u - 23. Calculate the remainder when 54 is divided by 2 - (u - (11 + 2)).
12
Suppose 9*y - 13*y = -260. What is the remainder when y is divided by 23?
19
Let d(k) = 2*k**3 - 5*k**2 + k. Let y = -73 + 120. What is the remainder when y is divided by d(3)?
11
Let b be 4/(-10) + (-414)/(-10). Let t = b - 31. What is the remainder when 28 is divided by t?
8
Suppose -4*q - 3*m = -4, 4*q + 2*m - 3 = q. Calculate the remainder when 204 is divided by 51 + 18 - (-1)/q.
64
Let n = -3576 + 5253. Calculate the remainder when n is divided by 14.
11
Calculate the remainder when 22 is divided by 42/14 + 1/(4/16).
1
Suppose 3*v - 25 = -4*o + 7, 0 = 3*o + 5*v - 35. Suppose 17 = -o*a + 42. Calculate the remainder when 9 is divided by a.
4
Let d(f) = -f**3 - 33*f**2 + 83. Calculate the remainder when d(-33) is divided by 52.
31
Let j be (-4804)/10 + (-4)/(-10). Let y = 289 - 194. What is the remainder when y is divided by 3/(5/(j/(-9)))?
31
Let l(a) = a**3 - 6*a**2 + 16*a + 12. What is the remainder when l(7) is divided by 8?
5
Suppose 8*j - 138 = 6*j. What is the remainder when j is divided by 37?
32
Suppose -2*b + 68 = -76*j + 78*j, 4*b + 38 = 2*j. Calculate the remainder when 288 is divided by j.
27
Let j = 910 - 902. Let s = 10 + -6. Calculate the remainder when j is divided by s.
0
Let x be -5*(1 - (0 - 0)). Let b = x + -2. Let z(j) = -2*j - 8. What is the remainder when 17 is divided by z(b)?
5
Let q = 199 - 193. Suppose -112 = -2*i - 2*i. What is the remainder when i is divided by q?
4
Let h(z) = 7*z - 109. Calculate the remainder when 96 is divided by h(17).
6
Let n = 1274 + -1205. Calculate the remainder when 344 is divided by n.
68
Suppose 23*r = 105 + 263. Calculate the remainder when 1388 is divided by r.
12
Suppose -4*w = -4*c - 444, 15*w + 3*c = 16*w - 113. Suppose 9 = z - 20. Calculate the remainder when w is divided by z.
23
Suppose -15*l = -8*l - 518. Calculate the remainder when l is divided by 65.
9
Let p(o) = 0 + 2*o - 32 - 8*o + 2. What is the remainder when 34 is divided by p(-8)?
16
Let t be (-25)/2 + (-3)/(-6). Let s(v) = 6*v - 2. Calculate the remainder when s(10) is divided by 0 + (t - 3)*-1.
13
Let f(y) = -3*y - 7. Suppose 124 = 4*u + 4*x + 24, 3*u - 69 = -5*x. What is the remainder when u is divided by f(-5)?
4
Let u(x) be the third derivative of -x**5/60 - x**4/12 + x**3/2 - x**2. What is the remainder when 15 is divided by u(0)?
0
Suppose h = -l + 100, 194 = 3*h - h + 4*l. Suppose 3*f - 48 = -2*d - 2*d, -f = -d + 5. What is the remainder when h is divided by 3*d + -1 + 0/(-4)?
25
Let x(d) = 191*d**2 + 3*d - 2. Let i be x(1). What is the remainder when i/(-15)*1/2*-5 is divided by 9?
5
Suppose -8*u = -7*u - 3. Calculate the remainder when 92 is divided by -141*(2/u + -1).
45
Suppose 3*v + 3*d = 0, -6*d - 50 = -7*v + 3*v. What is the remainder when v is divided by 1/2 + (-2)/(-4)?
0
Calculate the remainder when 111 is divided by (9 - -1)/(19/76).
31
Let h(u) = 2*u**2 + u - 3. Let i be h(-2). Suppose 257 = i*k + 5*n, 0 = -2*k - 5*n + 82 + 86. Let f = k + -64. Calculate the remainder when 48 is divided by f.
23
Let a = -206 - -225. What is the remainder when 69 is divided by a?
12
Let v(c) = 5*c. Let n be v(6). Suppose -b = -n - 1. Let w = -226 + 242. What is the remainder when b is divided by w?
15
Suppose 5*t + 29*t = 5950. What is the remainder when t is divided by 8?
7
Suppose 10 = 7*m - 2*m. Suppose -5*k - 18 = -s - k, 0 = -m*s + 2*k + 12. Calculate the remainder when 13 is divided by (0 - s)/((-4)/14).
6
Suppose 0 = -5*f + l + 309, 252 = 4*f - 4*l + 2*l. Let j = -37 + f. What is the remainder when j is divided by 7?
3
Suppose -3*y - 150 = -0*y. Let p = y + 86. Calculate the remainder when 11 is divided by (-74)/(-9) - 8/p.
3
Let h = 17 + -8. Suppose 5*d - 2*t - 144 = 0, -8*t + 3*t - 150 = -5*d. Suppose -2*j = -d - 22. What is the remainder when j is divided by h?
7
Suppose 6*g = -13*g + 1045. Suppose -428 = -4*l - 3*m - 2*m, 321 = 3*l - 4*m. What is the remainder when l is divided by g?
52
Suppose -5*q - 7*c + 5*c + 71 = 0, -3*q - 2*c + 41 = 0. What is the remainder when q is divided by (8/(-10))/((-1)/5)?
3
Let s(q) = -4*q - 10*q + q + 4 + 5. Calculate the remainder when s(-3) is divided by 14.
6
Suppose -7 = 4*c - 7*c - w, -2*c - 3*w = 0. Let y be c/(-12) + (-1)/(-4). Suppose -7*j = -y*j - 35. What is the remainder when 13 is divided by j?
3
Let i(k) = -k**2 - 8*k - 8. Let a be ((-55)/(-2))/(-11)*(-16)/(-10). Calculate the remainder when 21 is divided by i(a).
5
Suppose 2*l = -0*l + 22. Suppose -5*g = 5*v, 25*v - 23*v - g - 6 = 0. Calculate the remainder when l is divided by v.
1
Suppose -69*v = -4*v - 12740. What is the remainder when v is divided by 35?
21
Suppose 3*x + 5*p - 16 = 0, -4*x + 14 = p + 2*p. Suppose -5*r = -3*l + 11, -2*l + 2*r = -6*l + 32. What is the remainder when l is divided by x?
1
Suppose -2*p - 8 = 0, -15*t + 14*t = p - 178. What is the remainder when t is divided by 48?
38
Let t(k) = 11*k**3 - 2*k + 2. What is the remainder when 54 is divided by t(1)?
10
Let a = 69 + -68. Suppose -3*m = m - 3*z + 108, 0 = 2*z + 8. Calculate the remainder when 10 is divided by a*-9*20/m.
4
Let t(j) = 3*j + 23. Let d be t(-7). Let m = d + 46. What is the remainder when m is divided by 17?
14
Calculate the remainder when 64/12*330/8 is divided by 74.
72
Let m(i) = i**2 - 3*i. Suppose -5*b + 65 = 5*t, -5*t = -0*t - 2*b - 30. Let c be m(t). Calculate the remainder when (c + (-1 - 2))*2 is divided by 19.
17
Let u = 52 + -5. What is the remainder when 20 + -16 + (226 - 2) + 10/2 is divided by u?
45
Suppose 0*i - i = -92. Suppose -4*k - 2*g + 120 = 0, 3*g - 79 = -3*k + 8. Calculate the remainder when i is divided by k.
30
Let j(s) = -41*s + 94. Calculate the remainder when j(-5) is divided by 60.
59
Suppose k + 93 = 4*k. Suppose n + n = 4*j + 4, 3*j = 3*n - 15. What is the remainder when k is divided by n?
7
Suppose 3*q + 138 = r, -r = 4*r + 5*q - 670. Suppose 2*i + r = 7*i. What is the remainder when 78 is divided by i?
24
What is the remainder when 1 + 11 - (2 + -5) is divided by 7?
1
Suppose 8*x = 5*x + 39. Let c(t) = -t**2 + 12*t + 26. Calculate the remainder when c(x) is divided by 8.
5
Let k be 29 - -1*(-16*1)/4. Suppose -k = m - 6*m, 4*m - 167 = -3*w. Calculate the remainder when w is divided by 17.
15
Suppose -i + 1 = -1. Let c be (-4)/10 - (-9966)/165. Calculate the remainder when 39 is divided by i/5 - (-1236)/c.
18
Let l be -14*((-13)/21 - (-2)/6). Suppose -1391 = l*a - 17*a. Calculate the remainder when a is divided by 12.
11
Let u(h) be the first derivative of 5*h**3/3 - 3*h + 6. Let o(v) be the first derivative of u(v). What is the remainder when o(3) is divided by 11?
8
Let a(x) = 15*x + 127. What is the remainder when 193 is divided by a(-7)?
17
Calculate the remainder when (-12)/4 - (4764/6)/(-2) is divided by 36.
34
Suppose 0 = -2*h + 4 - 0, 0 = q - h. Suppose -3*p = -3*b + 10 - 70, -40 = -q*p - 5*b. What is the remainder when 72 is divided by p?
12
Suppose -32 = -5*l - 17. What is the remainder when 24 is divided by l?
0
Calculate the remainder when (-3)/3*(-3 + (-297 - -5)) is divided by 13.
9
Suppose 4*g - 3*y + 85 = 300, -2*g = -5*y - 111. Suppose v + g = 5*l, 5 + 3 = 4*v. Let p = 4 + 2. What is the remainder when l is divided by p?
5
Let q(i) = 2*i**3 - 2*i**2 - 3*i - 4. What is the remainder when (4/20)/(3/1335) is divided by q(3)?
20
Let a(i) = -18*i + 2. Suppose -3*y - 62 - 2 = -5*n, -3 = y. Calculate the remainder when a(-2) is divided by n.
5
Let i = -730 + 743. Calculate the remainder when 402 is divided by i.
12
Suppose 3*k + 23 = -c, -4*c - 3*k + k - 52